{"id":57,"date":"2020-10-01T07:06:23","date_gmt":"2020-10-01T07:06:23","guid":{"rendered":"http:\/\/megalink.uno\/?page_id=57"},"modified":"2020-10-15T06:22:45","modified_gmt":"2020-10-15T06:22:45","slug":"servicios","status":"publish","type":"page","link":"https:\/\/megalink.com.co\/index.php\/servicios\/","title":{"rendered":"Servicios"},"content":{"rendered":"\t\t<div data-elementor-type=\"wp-page\" data-elementor-id=\"57\" class=\"elementor elementor-57\" data-elementor-settings=\"[]\">\n\t\t\t\t\t\t<div class=\"elementor-inner\">\n\t\t\t\t\t\t\t<div class=\"elementor-section-wrap\">\n\t\t\t\t\t\t\t<header class=\"elementor-section elementor-top-section elementor-element elementor-element-955a251 elementor-section-full_width elementor-section-height-min-height elementor-section-items-stretch elementor-section-stretched elementor-section-height-default\" data-id=\"955a251\" data-element_type=\"section\" data-settings=\"{&quot;background_background&quot;:&quot;slideshow&quot;,&quot;background_slideshow_gallery&quot;:[{&quot;id&quot;:16,&quot;url&quot;:&quot;http:\\\/\\\/megalink.uno\\\/wp-content\\\/uploads\\\/2020\\\/10\\\/5d88c6e31c6817c3c17b9134_certified-data-centre-expert.jpg&quot;},{&quot;id&quot;:17,&quot;url&quot;:&quot;http:\\\/\\\/megalink.uno\\\/wp-content\\\/uploads\\\/2020\\\/10\\\/271091-entenda-a-importancia-da-seguranca-do-data-center.jpg&quot;},{&quot;id&quot;:18,&quot;url&quot;:&quot;http:\\\/\\\/megalink.uno\\\/wp-content\\\/uploads\\\/2020\\\/10\\\/273190-data-centers-6-tendencias-para-o-futuro-1.jpg&quot;},{&quot;id&quot;:19,&quot;url&quot;:&quot;http:\\\/\\\/megalink.uno\\\/wp-content\\\/uploads\\\/2020\\\/10\\\/20190805142007.tv_.jpg&quot;},{&quot;id&quot;:20,&quot;url&quot;:&quot;http:\\\/\\\/megalink.uno\\\/wp-content\\\/uploads\\\/2020\\\/10\\\/data-center-connexion.jpg&quot;},{&quot;id&quot;:70,&quot;url&quot;:&quot;http:\\\/\\\/megalink.uno\\\/wp-content\\\/uploads\\\/2020\\\/10\\\/axs_tv_web3.jpg&quot;}],&quot;background_slideshow_slide_transition&quot;:&quot;slide_left&quot;,&quot;background_slideshow_ken_burns&quot;:&quot;yes&quot;,&quot;stretch_section&quot;:&quot;section-stretched&quot;,&quot;sticky&quot;:&quot;bottom&quot;,&quot;background_slideshow_loop&quot;:&quot;yes&quot;,&quot;background_slideshow_slide_duration&quot;:5000,&quot;background_slideshow_transition_duration&quot;:500,&quot;background_slideshow_ken_burns_zoom_direction&quot;:&quot;in&quot;,&quot;sticky_on&quot;:[&quot;desktop&quot;,&quot;tablet&quot;,&quot;mobile&quot;],&quot;sticky_offset&quot;:0,&quot;sticky_effects_offset&quot;:0}\">\n\t\t\t\t\t\t<div class=\"elementor-container elementor-column-gap-default\">\n\t\t\t\t\t\t\t<div class=\"elementor-row\">\n\t\t\t\t\t<div class=\"elementor-column elementor-col-100 elementor-top-column elementor-element elementor-element-4224fdf\" data-id=\"4224fdf\" data-element_type=\"column\">\n\t\t\t<div class=\"elementor-column-wrap elementor-element-populated\">\n\t\t\t\t\t\t\t<div class=\"elementor-widget-wrap\">\n\t\t\t\t\t\t<section class=\"elementor-section elementor-inner-section elementor-element elementor-element-74800f4 elementor-section-full_width elementor-section-height-default elementor-section-height-default\" data-id=\"74800f4\" data-element_type=\"section\" data-settings=\"{&quot;sticky&quot;:&quot;top&quot;,&quot;background_background&quot;:&quot;gradient&quot;,&quot;sticky_on&quot;:[&quot;desktop&quot;,&quot;tablet&quot;,&quot;mobile&quot;],&quot;sticky_offset&quot;:0,&quot;sticky_effects_offset&quot;:0}\">\n\t\t\t\t\t\t\t<div class=\"elementor-background-overlay\"><\/div>\n\t\t\t\t\t\t\t<div class=\"elementor-container elementor-column-gap-no\">\n\t\t\t\t\t\t\t<div class=\"elementor-row\">\n\t\t\t\t\t<div class=\"elementor-column elementor-col-50 elementor-inner-column elementor-element elementor-element-87b9576\" data-id=\"87b9576\" data-element_type=\"column\">\n\t\t\t<div class=\"elementor-column-wrap elementor-element-populated\">\n\t\t\t\t\t\t\t<div class=\"elementor-widget-wrap\">\n\t\t\t\t\t\t<div class=\"elementor-element elementor-element-175aafc elementor-widget-mobile__width-initial elementor-widget__width-initial elementor-invisible elementor-widget elementor-widget-image\" data-id=\"175aafc\" data-element_type=\"widget\" data-settings=\"{&quot;_animation&quot;:&quot;fadeInRight&quot;,&quot;sticky&quot;:&quot;top&quot;,&quot;sticky_on&quot;:[&quot;desktop&quot;,&quot;tablet&quot;,&quot;mobile&quot;],&quot;sticky_offset&quot;:0,&quot;sticky_effects_offset&quot;:0}\" data-widget_type=\"image.default\">\n\t\t\t\t<div class=\"elementor-widget-container\">\n\t\t\t\t\t<div class=\"elementor-image\">\n\t\t\t\t\t\t\t<figure class=\"wp-caption\">\n\t\t\t\t\t\t\t\t\t\t\t<a href=\"https:\/\/megalink.com.co\">\n\t\t\t\t\t\t\t<img width=\"720\" height=\"545\" src=\"https:\/\/megalink.com.co\/wp-content\/uploads\/2020\/10\/Megalink.jpg\" class=\"attachment-full size-full\" alt=\"\" loading=\"lazy\" srcset=\"https:\/\/megalink.com.co\/wp-content\/uploads\/2020\/10\/Megalink.jpg 720w, https:\/\/megalink.com.co\/wp-content\/uploads\/2020\/10\/Megalink-300x227.jpg 300w\" sizes=\"(max-width: 720px) 100vw, 720px\" \/>\t\t\t\t\t\t\t\t<\/a>\n\t\t\t\t\t\t\t\t\t\t\t<figcaption class=\"widget-image-caption wp-caption-text\"><\/figcaption>\n\t\t\t\t\t\t\t\t\t\t<\/figure>\n\t\t\t\t\t<\/div>\n\t\t\t\t<\/div>\n\t\t\t\t<\/div>\n\t\t\t\t\t\t<\/div>\n\t\t\t\t\t<\/div>\n\t\t<\/div>\n\t\t\t\t<div class=\"elementor-column elementor-col-50 elementor-inner-column elementor-element elementor-element-bee3625\" data-id=\"bee3625\" data-element_type=\"column\" data-settings=\"{&quot;motion_fx_motion_fx_scrolling&quot;:&quot;yes&quot;,&quot;motion_fx_devices&quot;:[&quot;desktop&quot;,&quot;tablet&quot;,&quot;mobile&quot;]}\">\n\t\t\t<div class=\"elementor-column-wrap elementor-element-populated\">\n\t\t\t\t\t\t\t<div class=\"elementor-widget-wrap\">\n\t\t\t\t\t\t<div class=\"elementor-element elementor-element-a0bcf01 elementor-shape-circle elementor-widget-mobile__width-auto elementor-widget__width-initial elementor-absolute elementor-grid-0 elementor-widget elementor-widget-social-icons\" data-id=\"a0bcf01\" data-element_type=\"widget\" data-settings=\"{&quot;_position&quot;:&quot;absolute&quot;}\" data-widget_type=\"social-icons.default\">\n\t\t\t\t<div class=\"elementor-widget-container\">\n\t\t\t\t\t<div class=\"elementor-social-icons-wrapper elementor-grid\">\n\t\t\t\t\t\t\t<div class=\"elementor-grid-item\">\n\t\t\t\t\t<a class=\"elementor-icon elementor-social-icon elementor-social-icon-facebook elementor-repeater-item-5f6cf39\" target=\"_blank\">\n\t\t\t\t\t\t<span class=\"elementor-screen-only\">Facebook<\/span>\n\t\t\t\t\t\t<i class=\"fab fa-facebook\"><\/i>\t\t\t\t\t<\/a>\n\t\t\t\t<\/div>\n\t\t\t\t\t\t\t<div class=\"elementor-grid-item\">\n\t\t\t\t\t<a class=\"elementor-icon elementor-social-icon elementor-social-icon-twitter elementor-repeater-item-f1bb374\" target=\"_blank\">\n\t\t\t\t\t\t<span class=\"elementor-screen-only\">Twitter<\/span>\n\t\t\t\t\t\t<i class=\"fab fa-twitter\"><\/i>\t\t\t\t\t<\/a>\n\t\t\t\t<\/div>\n\t\t\t\t\t\t\t<div class=\"elementor-grid-item\">\n\t\t\t\t\t<a class=\"elementor-icon elementor-social-icon elementor-social-icon-youtube elementor-repeater-item-aee4660\" target=\"_blank\">\n\t\t\t\t\t\t<span class=\"elementor-screen-only\">Youtube<\/span>\n\t\t\t\t\t\t<i class=\"fab fa-youtube\"><\/i>\t\t\t\t\t<\/a>\n\t\t\t\t<\/div>\n\t\t\t\t\t<\/div>\n\t\t\t\t<\/div>\n\t\t\t\t<\/div>\n\t\t\t\t<div class=\"elementor-element elementor-element-7d722ac elementor-nav-menu__align-center elementor-nav-menu--dropdown-mobile elementor-widget-mobile__width-auto elementor-nav-menu--indicator-classic elementor-nav-menu__text-align-aside elementor-nav-menu--toggle elementor-nav-menu--burger elementor-invisible elementor-widget elementor-widget-nav-menu\" data-id=\"7d722ac\" data-element_type=\"widget\" data-settings=\"{&quot;_animation&quot;:&quot;none&quot;,&quot;layout&quot;:&quot;horizontal&quot;,&quot;toggle&quot;:&quot;burger&quot;}\" data-widget_type=\"nav-menu.default\">\n\t\t\t\t<div class=\"elementor-widget-container\">\n\t\t\t\t\t\t<nav role=\"navigation\" class=\"elementor-nav-menu--main elementor-nav-menu__container elementor-nav-menu--layout-horizontal e--pointer-double-line e--animation-fade\"><ul id=\"menu-1-7d722ac\" class=\"elementor-nav-menu\"><li class=\"menu-item menu-item-type-post_type menu-item-object-page menu-item-home menu-item-47\"><a href=\"https:\/\/megalink.com.co\/\" class=\"elementor-item\">Inicio<\/a><\/li>\n<li class=\"menu-item menu-item-type-post_type menu-item-object-page menu-item-has-children menu-item-62\"><a href=\"https:\/\/megalink.com.co\/index.php\/servicios\/\" class=\"elementor-item\">Servicios<\/a>\n<ul class=\"sub-menu elementor-nav-menu--dropdown\">\n\t<li class=\"menu-item menu-item-type-post_type menu-item-object-page menu-item-187\"><a href=\"https:\/\/megalink.com.co\/index.php\/servicios\/\" class=\"elementor-sub-item\">Servicios<\/a><\/li>\n\t<li class=\"menu-item menu-item-type-post_type menu-item-object-page menu-item-199\"><a href=\"https:\/\/megalink.com.co\/index.php\/facturas\/\" class=\"elementor-sub-item\">Facturas<\/a><\/li>\n<\/ul>\n<\/li>\n<li class=\"menu-item menu-item-type-post_type menu-item-object-page menu-item-348\"><a href=\"https:\/\/megalink.com.co\/index.php\/speedtest\/\" class=\"elementor-item\">SpeedTest<\/a><\/li>\n<li class=\"menu-item menu-item-type-post_type menu-item-object-page menu-item-40\"><a href=\"https:\/\/megalink.com.co\/index.php\/quienes-somos\/\" class=\"elementor-item\">Quienes Somos<\/a><\/li>\n<li class=\"menu-item menu-item-type-post_type menu-item-object-page menu-item-39\"><a href=\"https:\/\/megalink.com.co\/index.php\/contacto\/\" class=\"elementor-item\">Contacto<\/a><\/li>\n<\/ul><\/nav>\n\t\t\t\t\t<div class=\"elementor-menu-toggle\" role=\"button\" tabindex=\"0\" aria-label=\"Menu Toggle\" aria-expanded=\"false\">\n\t\t\t<i class=\"eicon-menu-bar\" aria-hidden=\"true\"><\/i>\n\t\t\t<span class=\"elementor-screen-only\">Menu<\/span>\n\t\t<\/div>\n\t\t\t<nav class=\"elementor-nav-menu--dropdown elementor-nav-menu__container\" role=\"navigation\" aria-hidden=\"true\"><ul id=\"menu-2-7d722ac\" class=\"elementor-nav-menu\"><li class=\"menu-item menu-item-type-post_type menu-item-object-page menu-item-home menu-item-47\"><a href=\"https:\/\/megalink.com.co\/\" class=\"elementor-item\">Inicio<\/a><\/li>\n<li class=\"menu-item menu-item-type-post_type menu-item-object-page menu-item-has-children menu-item-62\"><a href=\"https:\/\/megalink.com.co\/index.php\/servicios\/\" class=\"elementor-item\">Servicios<\/a>\n<ul class=\"sub-menu elementor-nav-menu--dropdown\">\n\t<li class=\"menu-item menu-item-type-post_type menu-item-object-page menu-item-187\"><a href=\"https:\/\/megalink.com.co\/index.php\/servicios\/\" class=\"elementor-sub-item\">Servicios<\/a><\/li>\n\t<li class=\"menu-item menu-item-type-post_type menu-item-object-page menu-item-199\"><a href=\"https:\/\/megalink.com.co\/index.php\/facturas\/\" class=\"elementor-sub-item\">Facturas<\/a><\/li>\n<\/ul>\n<\/li>\n<li class=\"menu-item menu-item-type-post_type menu-item-object-page menu-item-348\"><a href=\"https:\/\/megalink.com.co\/index.php\/speedtest\/\" class=\"elementor-item\">SpeedTest<\/a><\/li>\n<li class=\"menu-item menu-item-type-post_type menu-item-object-page menu-item-40\"><a href=\"https:\/\/megalink.com.co\/index.php\/quienes-somos\/\" class=\"elementor-item\">Quienes Somos<\/a><\/li>\n<li class=\"menu-item menu-item-type-post_type menu-item-object-page menu-item-39\"><a href=\"https:\/\/megalink.com.co\/index.php\/contacto\/\" class=\"elementor-item\">Contacto<\/a><\/li>\n<\/ul><\/nav>\n\t\t\t\t<\/div>\n\t\t\t\t<\/div>\n\t\t\t\t\t\t<\/div>\n\t\t\t\t\t<\/div>\n\t\t<\/div>\n\t\t\t\t\t\t\t\t<\/div>\n\t\t\t\t\t<\/div>\n\t\t<\/section>\n\t\t\t\t\t\t<\/div>\n\t\t\t\t\t<\/div>\n\t\t<\/div>\n\t\t\t\t\t\t\t\t<\/div>\n\t\t\t\t\t<\/div>\n\t\t<\/header>\n\t\t\t\t<section class=\"elementor-section elementor-top-section elementor-element elementor-element-c3467b0 elementor-section-boxed elementor-section-height-default elementor-section-height-default\" data-id=\"c3467b0\" data-element_type=\"section\">\n\t\t\t\t\t\t<div class=\"elementor-container elementor-column-gap-default\">\n\t\t\t\t\t\t\t<div class=\"elementor-row\">\n\t\t\t\t\t<div class=\"elementor-column elementor-col-50 elementor-top-column elementor-element elementor-element-12e2d56\" data-id=\"12e2d56\" data-element_type=\"column\">\n\t\t\t<div class=\"elementor-column-wrap elementor-element-populated\">\n\t\t\t\t\t\t\t<div class=\"elementor-widget-wrap\">\n\t\t\t\t\t\t<div class=\"elementor-element elementor-element-6648916 elementor-widget elementor-widget-text-editor\" data-id=\"6648916\" data-element_type=\"widget\" data-widget_type=\"text-editor.default\">\n\t\t\t\t<div class=\"elementor-widget-container\">\n\t\t\t\t\t<div class=\"elementor-text-editor elementor-clearfix\"><div class=\"av-special-heading av-special-heading-h1 custom-color-heading blockquote modern-quote avia-builder-el-1 el_before_av_hr avia-builder-el-first av-inherit-size\"><h3><strong><span style=\"color: inherit; font-family: inherit; font-size: 1.75rem;\">Nuestros Servicios<\/span><\/strong><\/h3><\/div><div class=\"flex_column av_three_fifth flex_column_div av-zero-column-padding first avia-builder-el-3 el_after_av_hr el_before_av_two_fifth \"><div class=\"av-special-heading av-special-heading-h3 avia-builder-el-4 el_before_av_textblock avia-builder-el-first \"><h3 class=\"av-special-heading-tag\" style=\"box-sizing: border-box; margin: 0px; padding: 0px; border: 0px #ebebeb; font-variant: inherit; font-stretch: inherit; font-size: 20px; line-height: 1.1em; font-family: Lato, HelveticaNeue, 'Helvetica Neue', Helvetica, Arial, sans-serif; vertical-align: baseline; color: #222222; float: left; text-transform: none;\"><span style=\"color: #ff0000;\"><i><b>Internet Dedicado<\/b><\/i><\/span><\/h3><div>\u00a0<\/div><div><span style=\"font-family: inherit; font-size: inherit; font-style: inherit; font-variant-ligatures: inherit; font-variant-caps: inherit; font-weight: inherit; color: #292729;\">\u00a0<\/span><\/div><div><span style=\"font-family: inherit; font-size: inherit; font-style: inherit; font-variant-ligatures: inherit; font-variant-caps: inherit; font-weight: inherit; color: #292729;\">El internet dedicado esta pensado para empresas, que requieran una conexi\u00f3n a internet cuyo ancho de banda no var\u00ede durante las 24 horas del d\u00eda.<\/span><\/div><section class=\"av_textblock_section\" style=\"margin: 0px; padding: 0px; border: 0px #ebebeb; font-variant-numeric: inherit; font-variant-east-asian: inherit; font-stretch: inherit; font-size: 16px; line-height: inherit; font-family: 'Open Sans', HelveticaNeue, 'Helvetica Neue', Helvetica, Arial, sans-serif; vertical-align: baseline; color: #292729;\"><div class=\"avia_textblock \" style=\"margin: 0px; padding: 0px; border: 0px #ebebeb; font-style: inherit; font-variant: inherit; font-weight: inherit; font-stretch: inherit; font-size: inherit; line-height: 1.65em; font-family: inherit; vertical-align: baseline; clear: both;\"><p style=\"margin: 0.85em 0px; padding: 0px; border: 0px #ebebeb; font: inherit; vertical-align: baseline;\">Este tambi\u00e9n es sim\u00e9trico por lo que la velocidad de descarga y la de carga ser\u00e1n iguales y estar\u00e1n garantizadas.<\/p><p style=\"margin: 0.85em 0px; padding: 0px; border: 0px #ebebeb; font: inherit; vertical-align: baseline;\">Toda la conexi\u00f3n ser\u00e1 \u00fanica para el que lo contrate, ning\u00fan otro utilizara esta conexi\u00f3n, garantizando seguridad, ancho de banda y estabilidad.<\/p><\/div><\/section><\/div><section class=\"av_textblock_section\"><div class=\"avia_textblock \">\u00a0<\/div><\/section><\/div><\/div>\n\t\t\t\t<\/div>\n\t\t\t\t<\/div>\n\t\t\t\t\t\t<\/div>\n\t\t\t\t\t<\/div>\n\t\t<\/div>\n\t\t\t\t<div class=\"elementor-column elementor-col-50 elementor-top-column elementor-element elementor-element-414554a\" data-id=\"414554a\" data-element_type=\"column\">\n\t\t\t<div class=\"elementor-column-wrap elementor-element-populated\">\n\t\t\t\t\t\t\t<div class=\"elementor-widget-wrap\">\n\t\t\t\t\t\t<div class=\"elementor-element elementor-element-7b96ca6 elementor-widget elementor-widget-image\" data-id=\"7b96ca6\" data-element_type=\"widget\" data-widget_type=\"image.default\">\n\t\t\t\t<div class=\"elementor-widget-container\">\n\t\t\t\t\t<div class=\"elementor-image\">\n\t\t\t\t\t\t\t\t\t\t<img width=\"232\" height=\"290\" src=\"https:\/\/megalink.com.co\/wp-content\/uploads\/2020\/10\/img-InternetNegociosF.png\" class=\"attachment-large size-large\" alt=\"\" loading=\"lazy\" \/>\t\t\t\t\t\t\t\t\t\t\t<\/div>\n\t\t\t\t<\/div>\n\t\t\t\t<\/div>\n\t\t\t\t\t\t<\/div>\n\t\t\t\t\t<\/div>\n\t\t<\/div>\n\t\t\t\t\t\t\t\t<\/div>\n\t\t\t\t\t<\/div>\n\t\t<\/section>\n\t\t\t\t<section class=\"elementor-section elementor-top-section elementor-element elementor-element-c1157fd elementor-section-boxed elementor-section-height-default elementor-section-height-default\" data-id=\"c1157fd\" data-element_type=\"section\">\n\t\t\t\t\t\t<div class=\"elementor-container elementor-column-gap-default\">\n\t\t\t\t\t\t\t<div class=\"elementor-row\">\n\t\t\t\t\t<div class=\"elementor-column elementor-col-50 elementor-top-column elementor-element elementor-element-e318f8a\" data-id=\"e318f8a\" data-element_type=\"column\">\n\t\t\t<div class=\"elementor-column-wrap elementor-element-populated\">\n\t\t\t\t\t\t\t<div class=\"elementor-widget-wrap\">\n\t\t\t\t\t\t<div class=\"elementor-element elementor-element-b041507 elementor-widget elementor-widget-image\" data-id=\"b041507\" data-element_type=\"widget\" data-widget_type=\"image.default\">\n\t\t\t\t<div class=\"elementor-widget-container\">\n\t\t\t\t\t<div class=\"elementor-image\">\n\t\t\t\t\t\t\t\t\t\t<img width=\"300\" height=\"167\" src=\"https:\/\/megalink.com.co\/wp-content\/uploads\/2020\/10\/Internet-Variable-300x167-1.jpeg\" class=\"attachment-large size-large\" alt=\"\" loading=\"lazy\" \/>\t\t\t\t\t\t\t\t\t\t\t<\/div>\n\t\t\t\t<\/div>\n\t\t\t\t<\/div>\n\t\t\t\t\t\t<\/div>\n\t\t\t\t\t<\/div>\n\t\t<\/div>\n\t\t\t\t<div class=\"elementor-column elementor-col-50 elementor-top-column elementor-element elementor-element-38bea36\" data-id=\"38bea36\" data-element_type=\"column\">\n\t\t\t<div class=\"elementor-column-wrap elementor-element-populated\">\n\t\t\t\t\t\t\t<div class=\"elementor-widget-wrap\">\n\t\t\t\t\t\t<div class=\"elementor-element elementor-element-f81e4c0 elementor-widget elementor-widget-text-editor\" data-id=\"f81e4c0\" data-element_type=\"widget\" data-widget_type=\"text-editor.default\">\n\t\t\t\t<div class=\"elementor-widget-container\">\n\t\t\t\t\t<div class=\"elementor-text-editor elementor-clearfix\"><div class=\"av-special-heading av-special-heading-h3 avia-builder-el-13 el_before_av_textblock avia-builder-el-first \" style=\"margin: 0px; padding: 0px 0px 10px; border: 0px #ebebeb; font-variant-numeric: inherit; font-variant-east-asian: inherit; font-stretch: inherit; line-height: inherit; font-family: 'Open Sans', HelveticaNeue, 'Helvetica Neue', Helvetica, Arial, sans-serif; vertical-align: baseline; width: 754.55px; clear: both; position: relative; color: #292729;\"><h3><span style=\"color: #ff0000;\"><i>Internet Banda Ancha<\/i><\/span><\/h3><h3 class=\"av-special-heading-tag\" style=\"margin: 0px; padding: 0px; border: 0px #ebebeb; font-style: inherit; font-variant: inherit; font-stretch: inherit; font-size: 20px; line-height: 1.1em; font-family: Lato, HelveticaNeue, 'Helvetica Neue', Helvetica, Arial, sans-serif; vertical-align: baseline; color: #222222; float: left;\"><i style=\"font-family: inherit; font-size: inherit; font-variant-ligatures: inherit; font-variant-caps: inherit; font-weight: inherit; color: #292729;\">\u00a0<\/i><\/h3><h3 class=\"av-special-heading-tag\" style=\"margin: 0px; padding: 0px; border: 0px #ebebeb; font-style: inherit; font-variant: inherit; font-stretch: inherit; font-size: 20px; line-height: 1.1em; font-family: Lato, HelveticaNeue, 'Helvetica Neue', Helvetica, Arial, sans-serif; vertical-align: baseline; color: #222222; float: left;\"><i style=\"font-family: inherit; font-size: inherit; font-variant-ligatures: inherit; font-variant-caps: inherit; font-weight: inherit; color: #292729;\">\u00a0<\/i><\/h3><h3 class=\"av-special-heading-tag\" style=\"margin: 0px; padding: 0px; border: 0px #ebebeb; font-style: inherit; font-variant: inherit; font-stretch: inherit; font-size: 20px; line-height: 1.1em; font-family: Lato, HelveticaNeue, 'Helvetica Neue', Helvetica, Arial, sans-serif; vertical-align: baseline; color: #222222; float: left;\"><i style=\"font-family: inherit; font-size: inherit; font-variant-ligatures: inherit; font-variant-caps: inherit; font-weight: inherit; color: #292729;\">\u00a0<\/i><\/h3><h3 class=\"av-special-heading-tag\" style=\"margin: 0px; padding: 0px; border: 0px #ebebeb; font-style: inherit; font-variant: inherit; font-stretch: inherit; font-size: 20px; line-height: 1.1em; font-family: Lato, HelveticaNeue, 'Helvetica Neue', Helvetica, Arial, sans-serif; vertical-align: baseline; color: #222222; float: left;\"><i style=\"font-family: inherit; font-size: inherit; font-variant-ligatures: inherit; font-variant-caps: inherit; font-weight: inherit; color: #292729;\">\u00a0<\/i><\/h3><h3 class=\"av-special-heading-tag\" style=\"margin: 0px; padding: 0px; border: 0px #ebebeb; font-style: inherit; font-variant: inherit; font-stretch: inherit; font-size: 20px; line-height: 1.1em; font-family: Lato, HelveticaNeue, 'Helvetica Neue', Helvetica, Arial, sans-serif; vertical-align: baseline; color: #222222; float: left;\"><i style=\"font-family: inherit; font-size: inherit; font-variant-ligatures: inherit; font-variant-caps: inherit; font-weight: inherit; color: #292729;\">\u00a0<\/i><\/h3><h3 class=\"av-special-heading-tag\" style=\"margin: 0px; padding: 0px; border: 0px #ebebeb; font-style: inherit; font-variant: inherit; font-stretch: inherit; font-size: 20px; line-height: 1.1em; font-family: Lato, HelveticaNeue, 'Helvetica Neue', Helvetica, Arial, sans-serif; vertical-align: baseline; color: #222222; float: left;\"><i style=\"font-family: inherit; font-size: inherit; font-variant-ligatures: inherit; font-variant-caps: inherit; font-weight: inherit; color: #292729;\">\u00a0<\/i><\/h3><h3 class=\"av-special-heading-tag\" style=\"margin: 0px; padding: 0px; border: 0px #ebebeb; font-style: inherit; font-variant: inherit; font-stretch: inherit; font-size: 20px; line-height: 1.1em; font-family: Lato, HelveticaNeue, 'Helvetica Neue', Helvetica, Arial, sans-serif; vertical-align: baseline; color: #222222; float: left;\"><i style=\"font-family: inherit; font-size: inherit; font-variant-ligatures: inherit; font-variant-caps: inherit; font-weight: inherit; color: #292729;\">\u00a0<\/i><\/h3><h3 class=\"av-special-heading-tag\" style=\"margin: 0px; padding: 0px; border: 0px #ebebeb; font-style: inherit; font-variant: inherit; font-stretch: inherit; font-size: 20px; line-height: 1.1em; font-family: Lato, HelveticaNeue, 'Helvetica Neue', Helvetica, Arial, sans-serif; vertical-align: baseline; color: #222222; float: left;\"><i style=\"font-family: inherit; font-size: inherit; font-variant-ligatures: inherit; font-variant-caps: inherit; font-weight: inherit; color: #292729;\">\u00a0<\/i><\/h3><\/div><section class=\"av_textblock_section\" style=\"margin: 0px; padding: 0px; border: 0px #ebebeb; font-variant-numeric: inherit; font-variant-east-asian: inherit; font-stretch: inherit; line-height: inherit; font-family: 'Open Sans', HelveticaNeue, 'Helvetica Neue', Helvetica, Arial, sans-serif; vertical-align: baseline; color: #292729;\"><div class=\"avia_textblock \" style=\"margin: 0px; padding: 0px; border: 0px #ebebeb; font-style: inherit; font-variant: inherit; font-weight: inherit; font-stretch: inherit; font-size: inherit; line-height: 1.65em; font-family: inherit; vertical-align: baseline; clear: both;\"><p style=\"margin: 0.85em 0px; padding: 0px; border: 0px #ebebeb; font: inherit; vertical-align: baseline;\"><span style=\"font-family: inherit; font-size: inherit; font-style: inherit; font-variant-ligatures: inherit; font-variant-caps: inherit; font-weight: inherit;\">Este servicio esta dise\u00f1ado especialmente para empresas que solo buscan acceso a Internet, de igual manera se garantiza una ancho de banda de carga y descarga m\u00ednimo y m\u00e1ximo.<\/span><\/p><p style=\"margin: 0.85em 0px; padding: 0px; border: 0px #ebebeb; font: inherit; vertical-align: baseline;\">Esta conexi\u00f3n se maneja utilizando tazas de segregaci\u00f3n permitiendo as\u00ed compartir el ancho de banda con hasta 4 clientes m\u00e1ximo, permitiendo as\u00ed una ahorro en el costo del servicio pero manteniendo la calidad de servicio que su empresa necesita.<\/p><\/div><\/section><\/div>\n\t\t\t\t<\/div>\n\t\t\t\t<\/div>\n\t\t\t\t\t\t<\/div>\n\t\t\t\t\t<\/div>\n\t\t<\/div>\n\t\t\t\t\t\t\t\t<\/div>\n\t\t\t\t\t<\/div>\n\t\t<\/section>\n\t\t\t\t\t\t<\/div>\n\t\t\t\t\t\t<\/div>\n\t\t\t\t\t<\/div>\n\t\t","protected":false},"excerpt":{"rendered":"<p>Facebook Twitter Youtube Nuestros Servicios Internet Dedicado \u00a0\u00a0El internet dedicado esta pensado para empresas, que requieran una conexi\u00f3n a internet cuyo ancho de banda no var\u00ede durante las 24 horas del d\u00eda. Este tambi\u00e9n es sim\u00e9trico por lo que la velocidad de descarga y la de carga ser\u00e1n iguales y estar\u00e1n garantizadas. Toda la conexi\u00f3n [&hellip;]<\/p>\n","protected":false},"author":1,"featured_media":0,"parent":0,"menu_order":0,"comment_status":"closed","ping_status":"closed","template":"elementor_canvas","meta":[],"_links":{"self":[{"href":"https:\/\/megalink.com.co\/index.php\/wp-json\/wp\/v2\/pages\/57"}],"collection":[{"href":"https:\/\/megalink.com.co\/index.php\/wp-json\/wp\/v2\/pages"}],"about":[{"href":"https:\/\/megalink.com.co\/index.php\/wp-json\/wp\/v2\/types\/page"}],"author":[{"embeddable":true,"href":"https:\/\/megalink.com.co\/index.php\/wp-json\/wp\/v2\/users\/1"}],"replies":[{"embeddable":true,"href":"https:\/\/megalink.com.co\/index.php\/wp-json\/wp\/v2\/comments?post=57"}],"version-history":[{"count":13,"href":"https:\/\/megalink.com.co\/index.php\/wp-json\/wp\/v2\/pages\/57\/revisions"}],"predecessor-version":[{"id":193,"href":"https:\/\/megalink.com.co\/index.php\/wp-json\/wp\/v2\/pages\/57\/revisions\/193"}],"wp:attachment":[{"href":"https:\/\/megalink.com.co\/index.php\/wp-json\/wp\/v2\/media?parent=57"}],"curies":[{"name":"wp","href":"https:\/\/api.w.org\/{rel}","templated":true}]}}